*q + q + 5*l - 217, -368 = 5*q - 2*l. Let x = 82 + -126. Let b = x - q. What is the units digit of b?
0
Suppose -29*j + 6068 + 54136 = 0. What is the hundreds digit of j?
0
Let d be (69/(-46))/(6/(-136)). Suppose -30*u = -d*u + 480. What is the tens digit of u?
2
Let h(l) = 3*l + 30. Let c be h(-9). Suppose 48 = c*d - 3*z, 4*d - 35 = -d - 4*z. Suppose -3*m - 4*n + 67 - d = 0, 3*n = -12. What is the units digit of m?
4
Let q(f) = f**3 + 5*f**2 - f - 1. Let m be q(-5). Suppose 10 = m*p - 2. Suppose -2*n + 5*d = -77 + 18, p*n - 2*d - 105 = 0. What is the units digit of n?
7
What is the thousands digit of (-9 + 18 - 1512)*4/(-6)?
1
Let f(j) = j**2 + 31*j + 24. Let a be f(-20). What is the tens digit of 2*a/(-8)*2?
9
Let p = 564 + 565. What is the hundreds digit of p?
1
Let x(v) = 13*v**2 + 5*v - 3. Suppose d - a = 5, -4*a + 7 = -d - 9*a. What is the hundreds digit of x(d)?
1
What is the units digit of (102/12)/((-5)/(-60))?
2
Let b(j) = 1 + 3*j**3 + 2*j**3 - 8*j - 4*j**3 - 7*j**2. Let n be b(8). Suppose 2*w - n = 7. What is the units digit of w?
4
Suppose 5*l - c = 28575, 0 = -5*c + 9 + 16. What is the thousands digit of l?
5
Let s(a) = a**3 + 5*a**2 - 6*a + 2. Let y be s(-6). Let p(u) = 2*u**2 - 3*u + 2. Let o be p(2). Suppose -o*r + 30 = y*r. What is the units digit of r?
5
Let b(j) be the third derivative of -1/24*j**4 + 0 + 1/6*j**3 + 0*j - 1/30*j**5 - 1/40*j**6 - 9*j**2. What is the units digit of b(-1)?
3
Let y = 1312 - 758. What is the units digit of y?
4
Let a = 794 + 283. What is the tens digit of a?
7
Let o(j) be the first derivative of -j**4/4 + 14*j**3/3 - 19*j**2/2 - 24*j + 33. What is the tens digit of o(11)?
3
Suppose -4*i + 15 = i. Let q = i + 55. What is the tens digit of q?
5
Suppose 5*l = 3*j - 1, 5*j + 2*l - 4 = 39. Let g(n) = 0 + 2 - 6 + j*n. What is the units digit of g(7)?
5
Let p(x) = 2*x**3 - 12*x**2 + 7*x + 61. What is the units digit of p(7)?
8
Let a = 6647 + -4067. What is the units digit of a?
0
Let i = 1197 - 735. What is the units digit of i?
2
Suppose 0 = -3*o + 5*i + 48, -3*i + 5*i + 6 = 0. What is the units digit of ((-3)/(-4))/(o/1584)?
8
Let r(m) = 733*m - 79. What is the hundreds digit of r(2)?
3
Suppose 21*d + 21900 = 33*d. What is the hundreds digit of d?
8
Suppose -351*d + 4993 = -349*d + u, -5*d + 5*u = -12520. What is the thousands digit of d?
2
Let j(n) = -n**3 - 7*n**2 - 5*n + 9. Let o be j(-9). Suppose -o = g - 3*g. What is the units digit of g?
8
What is the units digit of ((-733)/(-5))/(5*(-4)/(-100))?
3
Let l = 28 + -14. Let a be 4/14 + 234/l. Let u = a + -13. What is the units digit of u?
4
Let a be (-672)/(-26) - 15/((-975)/10). Let h be 1*8/3*3. Suppose 2*c = -4*f + h*f - 20, -c = 4*f - a. What is the units digit of f?
6
Suppose -b = -2*r + 1858, 8*b + 1856 = 2*r + 6*b. What is the hundreds digit of r?
9
Let x(g) = g**2 - g - 8. Suppose b + 5*f - 31 = 0, -2*f - 8 + 24 = b. What is the tens digit of x(b)?
2
Suppose 6*b - 3580 = b. Suppose 0 = -4*h + 5*d + 680, -4*h + 3*d = 7*d - b. What is the hundreds digit of h?
1
Let p(b) = 0*b**2 - 2 + b + 9 + 3*b**2 + 8. What is the tens digit of p(-6)?
1
Let c(s) = -26*s + 75. What is the thousands digit of c(-39)?
1
Let s = 15 - 11. Suppose 0 = -2*o - s*o + 498. What is the units digit of o?
3
Let v(b) = -40*b + 21 - 67*b + 51*b. What is the hundreds digit of v(-3)?
1
Suppose 2*q - 4 = -2*y - 0*q, 16 = -4*q. Let f = -4 + y. Suppose -f*z = o - 45, 4*o - z - 2*z = 125. What is the tens digit of o?
3
Suppose 2*z - 491 = -g - 4*g, -970 = -4*z + 2*g. What is the tens digit of z?
4
Suppose 48 - 8 = 5*o. What is the tens digit of ((-123)/(-6))/(4/o)?
4
What is the units digit of 8/60 - (-31340)/75?
8
Let d = 9 + -24. Let i(o) = o + 35. Let j be i(-24). Let s = j - d. What is the units digit of s?
6
Suppose 4052 + 9646 = 9*o. What is the units digit of o?
2
Suppose 5*f - 5*j + 7*j = 355, 5*j = f - 98. Let t = f + 38. What is the units digit of t?
1
Let z = 48 + -49. What is the tens digit of -2 + z + (-205)/(-1)?
0
What is the hundreds digit of (-2)/((-11)/(7876/8))?
1
Let r(l) = l**2 - 7*l + 6. Let n be r(7). Suppose 0 = n*j - j + 20. What is the tens digit of (-2)/(2/92*j)?
2
Suppose 3*d + 5*i + 1 = 4*i, d + 2*i = -2. Suppose d = 3*u - u - 3*x - 308, 0 = -3*u + 5*x + 460. What is the units digit of u?
0
Let f(a) be the second derivative of 7*a**5/120 - 3*a**4/8 + 5*a**3/6 + 4*a. Let n(i) be the second derivative of f(i). What is the tens digit of n(4)?
1
Suppose 3*c - 8*u = -7*u + 6859, 0 = -2*u + 10. What is the thousands digit of c?
2
Suppose 0*k - 3*q - 18 = 3*k, 2*q - 2 = 5*k. What is the tens digit of ((-36)/24)/(k/52)?
3
Let z be ((-53)/(-2))/((-1)/(-2)). Suppose 3*a = -5*n - z, -3 = 4*a + 1. What is the units digit of -1*2*245/n?
9
What is the tens digit of 3 + -5 + -1 - -251?
4
Suppose -o + t = -4, 0 = 4*t + 4 + 4. Let v = o + 1. Suppose 42 = 5*y - v*n, -4*n + 6*n - 4 = -2*y. What is the units digit of y?
6
Let s(r) = 2*r**3 - 17*r**2 + 6*r + 26. What is the hundreds digit of s(11)?
6
Suppose 0 = 6*g - 11*g - 15. Let k = 9 + g. What is the tens digit of (16/k)/(6/153)?
6
Let s(u) = 4*u**2 - 39*u + 89. What is the thousands digit of s(22)?
1
What is the thousands digit of (320/56)/(2/455)?
1
What is the tens digit of -3 + (-7)/(-3) + 26975/75?
5
Let b = 4 - 2. Suppose 0 = 4*u - 2*d, 2*u + 8 = 3*d - 0*d. Suppose 4*g + b*q = 30, u*g + 5*q - 3 = 4*g. What is the units digit of g?
6
Let q = -251 - -76. Let k = 282 + q. What is the hundreds digit of k?
1
Suppose 27*o - 7*n = 26*o + 4313, -3*o = -2*n - 12939. What is the units digit of o?
3
What is the units digit of -5 + -6 - -769 - -1*1?
9
Suppose -2249 - 6526 = -9*d. What is the units digit of d?
5
Suppose 5*u = -0*h + 3*h + 3772, 3768 = 5*u - 2*h. Suppose -a = -5*a + u. Suppose -18 + a = 5*b. What is the tens digit of b?
3
Let p(x) = -4*x**2 + 17*x**2 + 10 - 2*x + 6*x**2 + x**3 - 34. Let s = 13 - 32. What is the tens digit of p(s)?
1
Suppose w + 5215 = -7*a + 12*a, -a = 3*w - 1043. What is the hundreds digit of a?
0
Let f = 740 - 432. What is the hundreds digit of f?
3
Let b(c) = -c**3 + c**2 + c + 39. Suppose -5*s + 30 = -3*f, -s + 19 = -3*s - 5*f. Suppose 0 = q - s*z - 15, 2*q - 5*z = q + 25. What is the tens digit of b(q)?
3
Suppose -5*u + 590 = -2*y, -2*y = -0*u - u + 598. What is the units digit of 1/(-5*4/y)?
5
Suppose 538 = c - q, 4*q = c - 5*c + 2176. What is the hundreds digit of c?
5
Let u = -2 - -2. Let b be 0 + (-3 - -15) + u. Let t = -6 + b. What is the units digit of t?
6
Let d(f) = -f - 12. Let t be d(-8). Let z(i) = i - 1. Let c be z(t). What is the tens digit of (-183)/(-9) - c/(-15)?
2
Let f = -95 + 62. Let n = 245 + f. Suppose 3*k - n = -47. What is the tens digit of k?
5
Let t = -262 - -472. What is the units digit of t?
0
Suppose 4 = -6*z + 16. Let c(s) = 11*s**3 + 3*s**2 - 3*s + 3. What is the tens digit of c(z)?
9
Let k = 381 - -119. What is the units digit of k?
0
Let n be 0 + (8 - (0 - -4)). Suppose 0 = -n*f + 2*f + 110. What is the tens digit of f?
5
Suppose -d = 2*j + d, 0 = -4*j - 2*d - 2. Let w = j - -9. What is the tens digit of 52*(26/w + -3)?
1
Let u = -52 + 146. Suppose 0 = -s - 0*s + u. What is the units digit of s?
4
Suppose u + 4*u + 3*a - 6209 = 0, 4*u - a = 4974. What is the tens digit of u?
4
Suppose -14*x - 423 = -23*x. What is the tens digit of x?
4
Suppose 0 = -2*d, d + 0*d = -5*q + 1440. Suppose -2*a - 3*v + 202 = -81, -2*a - 2*v + q = 0. What is the hundreds digit of a?
1
Let s(l) = 4*l + 1. Let h(d) = d. Let w(c) = 2*h(c) - s(c). Let k = -51 + 47. What is the units digit of w(k)?
7
Let z(f) = 3*f**3 - 5*f**2 + 6*f - 79. What is the hundreds digit of z(6)?
4
Let a = -498 + 961. What is the hundreds digit of a?
4
Let r(h) = -9*h - 21. Let x be r(-13). What is the tens digit of x/2*11/22?
2
Let i(d) = 10*d - 120. What is the hundreds digit of i(37)?
2
Let u(o) = -2*o - 4. Let f be u(-6). Let z = -2 + f. What is the tens digit of 380/z - (-2)/(-6)?
6
Let f(q) = -3*q - 12. Let x be f(-11). Let n be (-14)/x + 17/3. Suppose -n*c + 22 = -4*c. What is the units digit of c?
2
Let h(q) = 25*q**3 + 4*q**2 + 39*q - 151. What is the thousands digit of h(4)?
1
Let u be -2 + (3 + 3 - -3). Let s(q) = -q**3 + 6*q**2 + 4*q + 1. Let z be s(u). What is the tens digit of z/((-8)/4)